{"id":10,"date":"2020-12-04T20:54:40","date_gmt":"2020-12-04T20:54:40","guid":{"rendered":"https:\/\/kosaras-auto.com\/?page_id=10"},"modified":"2020-12-04T21:09:37","modified_gmt":"2020-12-04T21:09:37","slug":"az-autorol","status":"publish","type":"page","link":"https:\/\/kosaras-auto.com\/?page_id=10","title":{"rendered":"Az aut\u00f3r\u00f3l"},"content":{"rendered":"\n<p>A&nbsp;<strong>kosaras aut\u00f3&nbsp;<\/strong>egy&nbsp;<strong>Mercedes-Ruthmann&nbsp;<\/strong>tipus\u00fa&nbsp;<strong>emel<\/strong><strong>\u0151<\/strong><strong>berendez\u00e9s<\/strong>, ami a g\u00e9pkocsi hajt\u00f3motorj\u00e1r\u00f3l \u00fczemel\u0151&nbsp;rendszer mellett, egy teljesen elszepar\u00e1lt,&nbsp;<strong>220 V-os&nbsp;<\/strong>elektromos meghajt\u00f3&nbsp;<strong>berendez\u00e9ssel is \u00fczemel<\/strong>. \u00cdgy&nbsp;<strong>a z\u00e1rt terekben elker\u00fclhet<\/strong><strong>\u0151&nbsp;<\/strong>a motor \u00e1ltali&nbsp;<strong>f\u00fcstk\u00e9pz<\/strong><strong>\u0151<\/strong><strong>d\u00e9s<\/strong>, ami teljesen tiszta munkak\u00f6rnyezetet eredm\u00e9nyez.<\/p>\n\n\n\n<p>A\u00a0<strong>kosarasaut\u00f3 param\u00e9terei\u00a0<\/strong>rendk\u00edv\u00fcl\u00a0<strong>kedvez\u0151ek<\/strong>: kis \u00f6sszt\u00f6meg, kis helyig\u00e9ny ugyanakkor megfelel\u0151\u00a0magass\u00e1g \u00e9s nagy oldalkiny\u00fal\u00e1si k\u00e9pess\u00e9g.<\/p>\n\n\n\n<figure class=\"wp-block-image size-large\"><img loading=\"lazy\" decoding=\"async\" width=\"700\" height=\"962\" src=\"https:\/\/kosaras-auto.com\/wp-content\/uploads\/2020\/12\/Ruthmann-kosaras-muszaki-adatok_1_kicsi.jpg\" alt=\"\" class=\"wp-image-33\" srcset=\"https:\/\/kosaras-auto.com\/wp-content\/uploads\/2020\/12\/Ruthmann-kosaras-muszaki-adatok_1_kicsi.jpg 700w, https:\/\/kosaras-auto.com\/wp-content\/uploads\/2020\/12\/Ruthmann-kosaras-muszaki-adatok_1_kicsi-218x300.jpg 218w\" sizes=\"(max-width: 700px) 100vw, 700px\" \/><\/figure>\n","protected":false},"excerpt":{"rendered":"<p>A&nbsp;kosaras aut\u00f3&nbsp;egy&nbsp;Mercedes-Ruthmann&nbsp;tipus\u00fa&nbsp;emel\u0151berendez\u00e9s, ami a g\u00e9pkocsi hajt\u00f3motorj\u00e1r\u00f3l \u00fczemel\u0151&nbsp;rendszer mellett, egy teljesen elszepar\u00e1lt,&nbsp;220 V-os&nbsp;elektromos meghajt\u00f3&nbsp;berendez\u00e9ssel is \u00fczemel. \u00cdgy&nbsp;a z\u00e1rt terekben elker\u00fclhet\u0151&nbsp;a motor \u00e1ltali&nbsp;f\u00fcstk\u00e9pz\u0151d\u00e9s, ami teljesen tiszta munkak\u00f6rnyezetet eredm\u00e9nyez. A\u00a0kosarasaut\u00f3 param\u00e9terei\u00a0rendk\u00edv\u00fcl\u00a0kedvez\u0151ek: kis \u00f6sszt\u00f6meg, kis helyig\u00e9ny ugyanakkor megfelel\u0151\u00a0magass\u00e1g \u00e9s nagy oldalkiny\u00fal\u00e1si k\u00e9pess\u00e9g.<\/p>\n","protected":false},"author":1,"featured_media":0,"parent":0,"menu_order":0,"comment_status":"closed","ping_status":"closed","template":"","meta":{"footnotes":""},"class_list":["post-10","page","type-page","status-publish","hentry"],"yoast_head":"<!-- This site is optimized with the Yoast SEO plugin v25.6 - https:\/\/yoast.com\/wordpress\/plugins\/seo\/ -->\n<title>Az aut\u00f3r\u00f3l - Kosaras Aut\u00f3<\/title>\n<meta name=\"robots\" content=\"index, follow, max-snippet:-1, max-image-preview:large, max-video-preview:-1\" \/>\n<link rel=\"canonical\" href=\"https:\/\/kosaras-auto.com\/?page_id=10\" \/>\n<meta property=\"og:locale\" content=\"hu_HU\" \/>\n<meta property=\"og:type\" content=\"article\" \/>\n<meta property=\"og:title\" content=\"Az aut\u00f3r\u00f3l - Kosaras Aut\u00f3\" \/>\n<meta property=\"og:description\" content=\"A&nbsp;kosaras aut\u00f3&nbsp;egy&nbsp;Mercedes-Ruthmann&nbsp;tipus\u00fa&nbsp;emel\u0151berendez\u00e9s, ami a g\u00e9pkocsi hajt\u00f3motorj\u00e1r\u00f3l \u00fczemel\u0151&nbsp;rendszer mellett, egy teljesen elszepar\u00e1lt,&nbsp;220 V-os&nbsp;elektromos meghajt\u00f3&nbsp;berendez\u00e9ssel is \u00fczemel. \u00cdgy&nbsp;a z\u00e1rt terekben elker\u00fclhet\u0151&nbsp;a motor \u00e1ltali&nbsp;f\u00fcstk\u00e9pz\u0151d\u00e9s, ami teljesen tiszta munkak\u00f6rnyezetet eredm\u00e9nyez. A\u00a0kosarasaut\u00f3 param\u00e9terei\u00a0rendk\u00edv\u00fcl\u00a0kedvez\u0151ek: kis \u00f6sszt\u00f6meg, kis helyig\u00e9ny ugyanakkor megfelel\u0151\u00a0magass\u00e1g \u00e9s nagy oldalkiny\u00fal\u00e1si k\u00e9pess\u00e9g.\" \/>\n<meta property=\"og:url\" content=\"https:\/\/kosaras-auto.com\/?page_id=10\" \/>\n<meta property=\"og:site_name\" content=\"Kosaras Aut\u00f3\" \/>\n<meta property=\"article:modified_time\" content=\"2020-12-04T21:09:37+00:00\" \/>\n<meta property=\"og:image\" content=\"https:\/\/kosaras-auto.com\/wp-content\/uploads\/2020\/12\/Ruthmann-kosaras-muszaki-adatok_1_kicsi.jpg\" \/>\n<meta name=\"twitter:card\" content=\"summary_large_image\" \/>\n<script type=\"application\/ld+json\" class=\"yoast-schema-graph\">{\"@context\":\"https:\/\/schema.org\",\"@graph\":[{\"@type\":\"WebPage\",\"@id\":\"https:\/\/kosaras-auto.com\/?page_id=10\",\"url\":\"https:\/\/kosaras-auto.com\/?page_id=10\",\"name\":\"Az aut\u00f3r\u00f3l - Kosaras Aut\u00f3\",\"isPartOf\":{\"@id\":\"https:\/\/kosaras-auto.com\/#website\"},\"primaryImageOfPage\":{\"@id\":\"https:\/\/kosaras-auto.com\/?page_id=10#primaryimage\"},\"image\":{\"@id\":\"https:\/\/kosaras-auto.com\/?page_id=10#primaryimage\"},\"thumbnailUrl\":\"https:\/\/kosaras-auto.com\/wp-content\/uploads\/2020\/12\/Ruthmann-kosaras-muszaki-adatok_1_kicsi.jpg\",\"datePublished\":\"2020-12-04T20:54:40+00:00\",\"dateModified\":\"2020-12-04T21:09:37+00:00\",\"breadcrumb\":{\"@id\":\"https:\/\/kosaras-auto.com\/?page_id=10#breadcrumb\"},\"inLanguage\":\"hu\",\"potentialAction\":[{\"@type\":\"ReadAction\",\"target\":[\"https:\/\/kosaras-auto.com\/?page_id=10\"]}]},{\"@type\":\"ImageObject\",\"inLanguage\":\"hu\",\"@id\":\"https:\/\/kosaras-auto.com\/?page_id=10#primaryimage\",\"url\":\"https:\/\/kosaras-auto.com\/wp-content\/uploads\/2020\/12\/Ruthmann-kosaras-muszaki-adatok_1_kicsi.jpg\",\"contentUrl\":\"https:\/\/kosaras-auto.com\/wp-content\/uploads\/2020\/12\/Ruthmann-kosaras-muszaki-adatok_1_kicsi.jpg\",\"width\":700,\"height\":962},{\"@type\":\"BreadcrumbList\",\"@id\":\"https:\/\/kosaras-auto.com\/?page_id=10#breadcrumb\",\"itemListElement\":[{\"@type\":\"ListItem\",\"position\":1,\"name\":\"Home\",\"item\":\"https:\/\/kosaras-auto.com\/\"},{\"@type\":\"ListItem\",\"position\":2,\"name\":\"Az aut\u00f3r\u00f3l\"}]},{\"@type\":\"WebSite\",\"@id\":\"https:\/\/kosaras-auto.com\/#website\",\"url\":\"https:\/\/kosaras-auto.com\/\",\"name\":\"Kosaras Aut\u00f3\",\"description\":\"+36 30\/94224-617\",\"potentialAction\":[{\"@type\":\"SearchAction\",\"target\":{\"@type\":\"EntryPoint\",\"urlTemplate\":\"https:\/\/kosaras-auto.com\/?s={search_term_string}\"},\"query-input\":{\"@type\":\"PropertyValueSpecification\",\"valueRequired\":true,\"valueName\":\"search_term_string\"}}],\"inLanguage\":\"hu\"}]}<\/script>\n<!-- \/ Yoast SEO plugin. -->","yoast_head_json":{"title":"Az aut\u00f3r\u00f3l - Kosaras Aut\u00f3","robots":{"index":"index","follow":"follow","max-snippet":"max-snippet:-1","max-image-preview":"max-image-preview:large","max-video-preview":"max-video-preview:-1"},"canonical":"https:\/\/kosaras-auto.com\/?page_id=10","og_locale":"hu_HU","og_type":"article","og_title":"Az aut\u00f3r\u00f3l - Kosaras Aut\u00f3","og_description":"A&nbsp;kosaras aut\u00f3&nbsp;egy&nbsp;Mercedes-Ruthmann&nbsp;tipus\u00fa&nbsp;emel\u0151berendez\u00e9s, ami a g\u00e9pkocsi hajt\u00f3motorj\u00e1r\u00f3l \u00fczemel\u0151&nbsp;rendszer mellett, egy teljesen elszepar\u00e1lt,&nbsp;220 V-os&nbsp;elektromos meghajt\u00f3&nbsp;berendez\u00e9ssel is \u00fczemel. \u00cdgy&nbsp;a z\u00e1rt terekben elker\u00fclhet\u0151&nbsp;a motor \u00e1ltali&nbsp;f\u00fcstk\u00e9pz\u0151d\u00e9s, ami teljesen tiszta munkak\u00f6rnyezetet eredm\u00e9nyez. A\u00a0kosarasaut\u00f3 param\u00e9terei\u00a0rendk\u00edv\u00fcl\u00a0kedvez\u0151ek: kis \u00f6sszt\u00f6meg, kis helyig\u00e9ny ugyanakkor megfelel\u0151\u00a0magass\u00e1g \u00e9s nagy oldalkiny\u00fal\u00e1si k\u00e9pess\u00e9g.","og_url":"https:\/\/kosaras-auto.com\/?page_id=10","og_site_name":"Kosaras Aut\u00f3","article_modified_time":"2020-12-04T21:09:37+00:00","og_image":[{"url":"https:\/\/kosaras-auto.com\/wp-content\/uploads\/2020\/12\/Ruthmann-kosaras-muszaki-adatok_1_kicsi.jpg","type":"","width":"","height":""}],"twitter_card":"summary_large_image","schema":{"@context":"https:\/\/schema.org","@graph":[{"@type":"WebPage","@id":"https:\/\/kosaras-auto.com\/?page_id=10","url":"https:\/\/kosaras-auto.com\/?page_id=10","name":"Az aut\u00f3r\u00f3l - Kosaras Aut\u00f3","isPartOf":{"@id":"https:\/\/kosaras-auto.com\/#website"},"primaryImageOfPage":{"@id":"https:\/\/kosaras-auto.com\/?page_id=10#primaryimage"},"image":{"@id":"https:\/\/kosaras-auto.com\/?page_id=10#primaryimage"},"thumbnailUrl":"https:\/\/kosaras-auto.com\/wp-content\/uploads\/2020\/12\/Ruthmann-kosaras-muszaki-adatok_1_kicsi.jpg","datePublished":"2020-12-04T20:54:40+00:00","dateModified":"2020-12-04T21:09:37+00:00","breadcrumb":{"@id":"https:\/\/kosaras-auto.com\/?page_id=10#breadcrumb"},"inLanguage":"hu","potentialAction":[{"@type":"ReadAction","target":["https:\/\/kosaras-auto.com\/?page_id=10"]}]},{"@type":"ImageObject","inLanguage":"hu","@id":"https:\/\/kosaras-auto.com\/?page_id=10#primaryimage","url":"https:\/\/kosaras-auto.com\/wp-content\/uploads\/2020\/12\/Ruthmann-kosaras-muszaki-adatok_1_kicsi.jpg","contentUrl":"https:\/\/kosaras-auto.com\/wp-content\/uploads\/2020\/12\/Ruthmann-kosaras-muszaki-adatok_1_kicsi.jpg","width":700,"height":962},{"@type":"BreadcrumbList","@id":"https:\/\/kosaras-auto.com\/?page_id=10#breadcrumb","itemListElement":[{"@type":"ListItem","position":1,"name":"Home","item":"https:\/\/kosaras-auto.com\/"},{"@type":"ListItem","position":2,"name":"Az aut\u00f3r\u00f3l"}]},{"@type":"WebSite","@id":"https:\/\/kosaras-auto.com\/#website","url":"https:\/\/kosaras-auto.com\/","name":"Kosaras Aut\u00f3","description":"+36 30\/94224-617","potentialAction":[{"@type":"SearchAction","target":{"@type":"EntryPoint","urlTemplate":"https:\/\/kosaras-auto.com\/?s={search_term_string}"},"query-input":{"@type":"PropertyValueSpecification","valueRequired":true,"valueName":"search_term_string"}}],"inLanguage":"hu"}]}},"jetpack_sharing_enabled":true,"_links":{"self":[{"href":"https:\/\/kosaras-auto.com\/index.php?rest_route=\/wp\/v2\/pages\/10"}],"collection":[{"href":"https:\/\/kosaras-auto.com\/index.php?rest_route=\/wp\/v2\/pages"}],"about":[{"href":"https:\/\/kosaras-auto.com\/index.php?rest_route=\/wp\/v2\/types\/page"}],"author":[{"embeddable":true,"href":"https:\/\/kosaras-auto.com\/index.php?rest_route=\/wp\/v2\/users\/1"}],"replies":[{"embeddable":true,"href":"https:\/\/kosaras-auto.com\/index.php?rest_route=%2Fwp%2Fv2%2Fcomments&post=10"}],"version-history":[{"count":2,"href":"https:\/\/kosaras-auto.com\/index.php?rest_route=\/wp\/v2\/pages\/10\/revisions"}],"predecessor-version":[{"id":34,"href":"https:\/\/kosaras-auto.com\/index.php?rest_route=\/wp\/v2\/pages\/10\/revisions\/34"}],"wp:attachment":[{"href":"https:\/\/kosaras-auto.com\/index.php?rest_route=%2Fwp%2Fv2%2Fmedia&parent=10"}],"curies":[{"name":"wp","href":"https:\/\/api.w.org\/{rel}","templated":true}]}}